8
What is the value of (31 - 3) + (5 - 19) + (-1 - 6)?
7
Evaluate -3 - (1 - 41) - (-13 - (-11 + -18) - 25).
46
Calculate -49 + 3 + 1 + (10 - (4 + -11 - -20)).
-48
(80 - -1) + (79 + 15 - 105)
70
4 + (7 - -2) + -8 + (-19 - (-8 + 11))
-17
What is the value of 1 + 1 + -4 + -26 + 19 + -32 + -10?
-51
Evaluate 4050 + -4003 - (-1 - 0 - -12).
36
What is the value of -86 + 0 + 1 + 75 + (-131 - -68 - 27)?
-100
Calculate 5 + (-37 + 83 - (3 - -23)).
25
What is 2973 - 3066 - ((5 - 34) + 5)?
-69
What is the value of 191 + (-201 - -89) + -34?
45
What is (171 - 128) + -30 + 48?
61
Calculate -2 + -2 + (-17 + 0 - -15 - 11).
-17
Calculate -10 - (13 - (21 + -6)) - -7 - (-53 + 2).
50
-72 + (-39 + 48 - -87)
24
What is -1089 + 1033 - (8 - -3)?
-67
What is (14 + -14 - (12 + -1 - 24)) + 0 + -1?
12
Evaluate -58 - (-111 + (91 - -80)).
-118
What is (12 + -7 - (7 + -1)) + 98 + -118?
-21
What is the value of (13 - (-8 - -13)) + 0 + 46 - (-1 - -1)?
54
Calculate (1 - 9) + -2867 + 2890.
15
-10 + 1 + (-139 - (126 - 214))
-60
What is the value of -18 - ((10 - (-29 + 15)) + (6 - -18))?
-66
Evaluate 37 - (9 - (21 + -21 + 12)).
40
What is 10 + (8 + -7 - -91)?
102
(-4 - (-11 - -10)) + -50 + -27 + 36
-44
(-3 - 3) + (0 - ((15 - 22) + 7 + -20))
14
Evaluate -1 - -2 - 2 - (-37 + -3 - (-77 - -105)).
67
-14 - (-120 + 0 - (-35 + (20 - -10)))
101
What is the value of -75 + 147 + 27 + (-10 - 3) + -3?
83
What is -23 - (2 - 36) - -14 - 3?
22
What is the value of -238 + 139 - (-1 + -3 - (1 - 5) - -10)?
-109
What is 2 + -2 - 97 - (24 - (18 - (31 - 31)))?
-103
What is the value of 142 + -103 + -11 - (3 + 63)?
-38
65 - (43 + 19 - 12)
15
What is the value of -3 - -17 - ((-2 - 7) + -28 + 89)?
-38
What is -35 + (-67 - 13) + 37?
-78
Calculate 4 + -15 + (-10 + 16 - 6 - (10 - 5)).
-16
What is 122 - 132 - (2 - (0 + -3 + -9) - 2)?
-22
Calculate -374 + 369 + 24 + -1 - -17.
35
What is the value of (153 - 434 - -183) + (0 - -2) + 0?
-96
Evaluate 22 + (-4 - 87) + 1 + -113 + 134.
-47
-1 + -4 + (-53 + (3 - -35) - -53)
33
-5 - ((3 - 2) + (-5 - -17))
-18
What is 43 + -7 + -1 + -14 + -12?
9
What is the value of 30 + (33 + -20 - -14) + 11?
68
What is 5 + -16 + -2 + 9 + (10 - 1 - -23)?
28
What is 96 + -1 - (-12 - (-61 - -15 - -33))?
94
Calculate -39 - (-57 + 10 + -31).
39
Evaluate -4 + (15 + -28 + 8 - 7).
-16
Calculate 25 + (31 - (24 + 54)).
-22
Calculate 46 - (2 + (5 - 45) - -116).
-32
Calculate -50 + 109 + 5 + 13.
77
What is the value of -30 + 87 - (39 + -32 - (2 + 1))?
53
Evaluate (80 - 80) + 7 + -3 + (5 - (1 - -3)).
5
What is the value of -22 + 20 + (-33 - -51)?
16
32 - 31 - (15 + 6 + (0 - (10 + -6)))
-16
Evaluate 5 + (4 - 13) + 9 + -9 + 0.
-4
What is 575 - 573 - (0 + 1 - 9) - 6?
4
Calculate -66 - (-157 - (99 + -182)).
8
What is the value of 1436 + -1430 + (116 - (-4 - (-2 - -1)))?
125
What is (73 + -91 - (-1 + 6)) + 0 + -1 + 2?
-22
Evaluate -37 + 131 - (13 + 15) - (2 + (-13 - 1)).
78
Calculate (-11 - (13 + -6)) + 23 + 32.
37
Evaluate -225 - -274 - (58 + -1).
-8
Calculate 2 + -2 - ((-5 - -1) + -1 - (-4057 - -4008)).
-44
Evaluate 20 + 3 + 37 + -1 + (16 - -8).
83
Calculate 13 + -16 + (27 - 9 - 0) + 13 + 0.
28
Calculate -4 + 15 + -16 + 7 + 8 + -36.
-26
Evaluate -32 - (-58 + -57 + -7).
90
(-20 - -1) + (11 - -167) + -101
58
What is the value of -31 + 104 + (-40 - -13)?
46
What is the value of -5622 + 5691 + (-3 - -2)?
68
Evaluate -3 + -36 + (2 - -3) + 10 + -14 + 4.
-34
What is 6 + -24 + (106 - 48)?
40
0 - 9 - (5 - 2 - (0 - 18) - 82)
52
Calculate -60 - ((-1 + 13 + 0 - (288 - 279)) + 2).
-65
What is the value of 22 + 4 + 27 + -58 - (1 + 7)?
-13
Calculate -38 - -1 - ((-27 - -3 - -35) + -16).
-32
What is the value of (14 - -8) + -6 + (19 - 46)?
-11
(139 + -62 - 53) + -13
11
What is the value of (65 - 5) + (7 + 8 - 2) + 22?
95
What is the value of (34 + 53 - 26) + 17 + -6?
72
What is the value of (-79 - -73 - ((6 - 3) + 2)) + -3 + 59?
45
3 + (-2 - 39 - (-10 + (2 - -20 - 11)))
-39
Evaluate -98 + -42 + 85 + (-2 - 33).
-90
Calculate 15 + -9 + (-5 - -44) + (-6 - (6 + -15)).
48
Evaluate (-26 - (-6 - (6 - 10) - -5)) + -45 + 52.
-22
What is the value of (-2298 - -2332) + (0 - 148)?
-114
(-49 - 0) + (32 + -57 - -9) + 3
-62
What is the value of 36 + (18 - 24) + 13 + 16?
59
Evaluate -3 + (4 - (-12 - (13 - 14 - 49))).
-37
What is (-1 - -2 - -7 - (90 + -72)) + 9?
-1
(-58 + 76 - -23) + -97
-56
What is (-21 - (-8 - -16)) + (3 + 6 - (6 - -2))?
-28
-9 + (-2 + 1 + 5 - 41 - 2 - 1)
-49
Calculate (11 - 4 - 54) + (-8 - (17 - 12) - -19).
-41
(40 + -34 - -14) + -47
-27
What is the value of 31 + 39 + -28 + -3?
39
What is 131 + -140 + (76 - 13)?
54
What is the value of -29 + -24 + (56 - 16) - -124?
111
Evaluate 9 + (6 - (21 - -6)) - (51 - (-5 - 0)).
-68
Calculate (-1 - 7) + -64 + 61 - (-2 + 3 + 0).
-12
What is -7 - 81 - (6 - 2 - (59 - 76))?
-109
Calculate -63 - (35 + -83) - ((1 - 12) + -4).
0
What is -5 + 13 - (33 + 13 - 42)?
4
Calculate -112 + (-12 - -26 - 13) + (-10 + 6 - -1).
-114
What is the value of -2 + -25 + (-123 - (-3 + -101))?
-46
Calculate -10 + (-5 - 10) + 19 + 27 + -1.
20
4 + 9 + -55 + 10 + 1 - (-12 + -1)
-18
Calculate (20 - 47 - -40) + (89 - 2) + -11.
89
Calculate 51 + (-36 - -96) + -140.
-29
What is the value of 11 + (-78 - -34) - 17?
-50
What is the value of 9 + -108 + 497 + -427?
-29
Calculate 1 + -82 + (3759 - 3666).
12
What is -39 + 20 - -19 - 53 - -9?
-44
(-2 - (-39 + 16)) + -20 - -52 - -6
59
What is the value of -10 + 4 - (3 + (-3 - -9) + -21)?
6
What is the value of -2829 + 2878 + (-1 - -36)?
84
What is the value of 10 + ((1839 - 1833) + 0 + 2 + 3 - -4)?
25
Calculate (13 - (2 + -9 - -8)) + -1 + -116.
-105
What is the value of 3 + (-7 - (2 - 9) - (2 + -6) - -9)?
16
Calculate -6 - (-7 + 3 + -14 + -1) - 44.
-31
2493 + -2623 - (2 - 170)
38
Calculate (35 - -1 - 1 - 1) + 1097 + -1094.
37
What is 54 + (-3 - 35) - (-70 + 27)?
59
9 + -13 + -2 + 5 + 5 + -5 - 16
-17
What is 187 + -4 + (32 - 132)?
83
What is -130 + (57 - (47 + -61))?
-59
What is the value of -86 + (2808 + -2817 - (-2 + 2 + 12))?
-107
14 - (-3 - (-1 + 11 + -7 + 22))
42
Calculate (45 - -2) + -45 - -42.
44
(59 - 128) + (8 - (12 + -22))
-51
(5 - (3 - (9 + -11) - 5)) + -63 + -5
-63
Calculate -1 + -77 - (-397 + 433 - (3 + 17)).
-94
-45 + (33 - 26) + 68
30
Calculate 8 - -2 - ((-29 - -12) + 14 + 16 - 4).
1
(94 - 65) + (117 - 17)
129
24 - -28 - 77 - -27 - (7 + -2 + -1)
-2
Evaluate -4 - (46 - (-4 + (10 - 6 - 9))).
-59
Calculate 16 + (1 - 0) + (-14 + (17 - -1) - 11).
10
Evaluate 267 + -279 - (-3 + 24 - -1).
-34
Evaluate -23 - ((13 - 7) + 4 + (-15 - -16)).
-34
Evaluate -1 + -73 - (58 - 80) - 21.
-73
Calculate (19 - 26 - (-4 - -2) - (6 + -21)) + 91.
101
What is 4 - (41 - (39 + -32 - -37))?
7
Calculate 30 - (-65 + 124 - 82).
53
What is the value of (-15 + 57 - 68) + -13?
-39
Calculate (-25 - -46) + 0 + -12 + (0 - -4).
13
What is the value of (-6 + -5 + -3 - -36) + -39?
-17
Evaluate (-6 - (-17 + (5 - 5))) + (116 - 163).
-36
Evaluate (-51 - (9 + -5 - 13)) + 5 - (-1 - -12).
-48
What is the value of -48 + (230 - 92) + -67?
23
-49 - (-5 + 10) - (-7 + (5 + -2 - 6))
-44
What is -371 + 404 + (3 - -12)?
48
-77 + 21 - (93 - 106)
-43
(-29 - -27 - 2) + -1 + (0 - 34)
-39
Evaluate -25 + 22 - (-34 + 5) - -3.
29
What is (-1 - 2 - (-119 + 98)) + 2 + -8 + 1?
13
Calculate 7 - 7 - ((23 - 3) + 25).
-45
What is the value of (-17 - 7) + (-57 - 22) + (-12 - 9)?
-124
What is -5 + -31 + 0 + (6 - 17) + 25 + -6?
-28
What is the value of (279 - 290) + -3 + -33 + 89?
42
What is the value of (-84 - -65 - 65) + 101?
17
Evaluate 195 - (52 + 31) - (-15 + (-2 - 0)).
129
Calculate 55 + (43 + -5 - 73).
20
What is the value of 86 - (54 - (-30 + 38))?
40
Calculate 30 + -141 + 101 - 12.
-22
Evaluate (-35 - (-55 + 41)) + 33.
12
What is the value of (92 - (59 + 14) - (0 + -54)) + 8 + 0?
81
13 + -52 + (-5 - -14) + 23 + -19
-26
Calculate (2 + -16 - (-63 - 16)) + 3.
68
What is the value of (-26 - -33) + 40 + -54?
-7
What is (55 + -36 - 50) + -13 + -1?
-45
What is the value of 1 - 146 - (22 - (-237 + 268))?
-136
Calculate -1 + (4 - (9 + 10)) + 17.
1
Evaluate -35 - (71 - (126 + -75)).
-55
Evaluate (12 - 27) + 16 + -48.
-47
Evaluate (-8 + -12 - -18 - -18) + 8.
24
What is the value of 40 - (-23 + -19 + 129)?
-47
What is the value of 4 - (105 + -120 + (-2 - -3) + -58)?
76
What is -11 - (-108 - -3 - (-146 - -121))?
69
Evaluate -3